+ 9 = -w, 2*r = 2*p - 6. What is the units digit of p?
4
Let y(j) be the third derivative of j**6/40 + j**5/60 - j**4/12 + j**3/6 + 3*j**2. Let s be y(1). Let k(a) = 4*a - 4. What is the units digit of k(s)?
8
Let y(j) = j**2 - 1. Let f be y(-1). Suppose -3*s + 4 + 2 = f. Suppose -9 = -5*x + t + 27, -3*x + 19 = s*t. What is the units digit of x?
7
Let z be 1 + (-2 - 0/1). Let t be (-1)/z - (-7 - -8). Suppose 3*j + t*j - 1 = -s, 0 = -2*s + 3*j + 11. What is the units digit of s?
4
What is the tens digit of 27*3 + 4/(-10)*-5?
8
Suppose i = -3*i + 104. What is the units digit of i?
6
Let v(w) be the second derivative of -w**3/6 - 3*w**2 + 3*w. Let f be v(0). Let n(k) = -k**2 - 6*k + 8. What is the units digit of n(f)?
8
Suppose -4*h - 11 = -47. What is the units digit of h?
9
Let x(s) = s**2 - 8*s + 8. Let i be x(7). Let v = i - 0. What is the units digit of v?
1
Let x(f) = f + 15. What is the tens digit of x(8)?
2
Let w(v) = 32*v - 1. Let f be w(-2). Let h = 95 + f. What is the units digit of (2/(-6))/((-2)/h)?
5
Let u be -24*2/4*-2. Suppose -3*l + 6 + u = 0. What is the units digit of (-16)/(-5) - 2/l?
3
Let l = 77 - 39. What is the tens digit of l?
3
Suppose 36 - 4 = 4*h. Suppose -3*p - 2*t = -h + 2, -4 = -2*p + 4*t. Suppose -x + 15 = p*x. What is the units digit of x?
5
Let a = -1 + 8. Suppose a*o = 11*o - 16. What is the units digit of o?
4
Suppose -b + 3 = 5*g, -5*b = -0*b - g - 15. Suppose 0 = -b*c + 5*s + 87, -11 = -c + 2*s + 18. What is the units digit of c?
9
Suppose 8*p - 3*p = 30. Let d(g) = g**3 - 4*g**2 - 5. Let b be d(4). Let n = b + p. What is the units digit of n?
1
Suppose g - 2 = -0*g, j - 21 = -4*g. Let i(q) = 2*q + 3. What is the tens digit of i(j)?
2
Suppose 4*q - 162 = -t, -q + 2 + 40 = t. Suppose -3*c + 96 = a + q, 2*c - 6 = 0. What is the units digit of a?
7
Let g be -2 + 3/((-9)/(-69)). What is the units digit of (-4)/16 - g/(-4)?
5
Suppose 3 = 2*l - l, 0 = -w + 4*l + 7. What is the tens digit of w?
1
Let r = 1 - -11. What is the units digit of r?
2
Let u(r) = -r**2 - 5*r + 4. Let f(o) = o - 7. Let q be f(5). Let w(a) = -a**3 - 2*a**2 + 3*a + 3. Let c be w(q). What is the units digit of u(c)?
0
Let r(q) = q**2 - 5*q + 4. Let k be r(5). Suppose -2*v + 0*v = 3*u - 62, -4*v - k*u = -120. What is the units digit of v?
8
Let c(f) = -2*f**3 - 4*f**2. Suppose -b - 9 = 2*b. What is the units digit of c(b)?
8
Let x be (11 + -38)*1/(-3). Let o = x + 6. What is the tens digit of o?
1
Suppose 5*o - 51 = -3*i, -2*i - 32 - 34 = -5*o. Let v be ((-4)/o)/((-2)/66). Suppose 4*d - 1 - v = 0. What is the units digit of d?
3
Let h = -3 + 4. Let m(o) = 16*o**3 - o**2 - o + 1. What is the units digit of m(h)?
5
Suppose -3 = -5*b + 2. Suppose -p + b + 13 = 0. Suppose -h + 3*q - 6 = 0, -3*h + q + p = -0*h. What is the units digit of h?
6
Let k = -9 + 6. Let w = k - -7. Suppose 4*r + 32 = w*z, 5*z - r = -2*r + 16. What is the units digit of z?
4
Suppose 3*c - 4 = -c. Let l(z) = 3*z**2 - 2*z + 1. Let i be l(c). Suppose 9 = -i*k + 29. What is the units digit of k?
0
Let p = -51 - -95. What is the tens digit of p?
4
Let x(l) = l**3 - 4*l**2 + 5*l - 4. Let i be x(3). Suppose t + 4*t + 225 = 5*q, 4*t = -i*q - 150. Let w = -25 - t. What is the tens digit of w?
1
Suppose -3 - 3 = -2*p. Let c(s) = -3*s + 10*s**2 - 2 + s - 5*s**2 - s**3. What is the units digit of c(p)?
0
Let q = 8 - 4. Suppose q*w - w = 33. What is the tens digit of w?
1
Let s(n) = 13*n + 11. Let c be s(7). Suppose -v - 2*v + c = 0. What is the tens digit of v?
3
What is the hundreds digit of 78/8*(-160)/(-12)?
1
Let o(h) = -1 - 7*h**3 - 4*h**3 - 5*h**3 + 2*h**2. Let q be o(-1). Let p = q - 9. What is the units digit of p?
8
Suppose 2*x - 124 = 32. What is the tens digit of x?
7
Let c be (-45)/9*(0 + -1). Suppose c*u - 100 = -0*u. What is the units digit of u?
0
Suppose i + 6 = 2*i. Suppose -72 = -2*t - i. What is the tens digit of t?
3
Suppose 0*t - 20 = -t + 3*s, 4*t - 35 = 3*s. Let z = t - 3. Suppose -z*c - 22 = -4*c. What is the tens digit of c?
1
Let k(v) be the second derivative of v**5/20 - v**4/6 + v**3/3 - 5*v**2/2 + 3*v. What is the tens digit of k(4)?
3
Let w(j) = -j + 19. Let h be w(11). Suppose -2*z + h = 2*z. What is the units digit of z?
2
Let y = 19 + -15. What is the units digit of y?
4
Let w(r) = -r**3 - 2*r**2 - r - 4. Suppose 21 = o - l, 0*o = 3*o + 4*l - 35. Suppose 3*b - 2*b - 4*t = o, -20 = 5*b + t. What is the units digit of w(b)?
8
Let n(q) = 2*q + 6. Let y be n(-5). Let l(c) = -2*c + 4. Let i be l(y). What is the units digit of i/(-7)*14/(-4)?
6
Let p(m) = 2*m**2 + 2*m + 1. Let x be p(-2). Suppose 4*w - 45 = -x. What is the tens digit of w?
1
What is the units digit of (-1)/6*0 + 4?
4
Suppose -2*n + 4*s = -45 - 139, 3*n + 5*s - 287 = 0. What is the tens digit of n?
9
Suppose 66 = -u + 4*u. Suppose 2*v = u + 40. What is the tens digit of v?
3
Let h(c) = 4*c + 9 - 5*c + 3. What is the units digit of h(9)?
3
Let x = 163 + -109. What is the units digit of x?
4
Suppose -8 = -3*h + 7. Let r be 1*-2*(h - 7). Suppose -r*g = -16 - 4. What is the units digit of g?
5
Let r(a) = -8*a + a**2 - 2*a + 8 + 2. Suppose 2*t - 21 = t - 4*o, -4*o + 30 = 2*t. What is the units digit of r(t)?
1
Let b = -5 - -9. Suppose 2*g = -2*g + 3*q + 45, -b*q - 55 = -5*g. Suppose -3*a + 0*a + g = 0. What is the units digit of a?
5
Let w(z) = z**3 - z**2 + 1. Let n(u) = -6*u**3 + 3*u**2 + 3*u - 3. Suppose s - 6*s + 20 = 0. Let a(t) = s*w(t) + n(t). What is the units digit of a(-2)?
7
Let v(a) = a**2 - 6*a - 7. Let g be v(7). Suppose g = -n - 0*n. Suppose 2*d + 2 - 6 = n. What is the units digit of d?
2
Let r = 4 + -5. Let i = r - -6. Suppose -i - 1 = -f. What is the units digit of f?
6
Let b(p) = 4*p**2 - 14*p - 8. What is the tens digit of b(7)?
9
Let f = -95 - -136. What is the tens digit of f?
4
Suppose 4*s = -s + 270. Let i = 95 - s. Let n = i + -29. What is the units digit of n?
2
Suppose -30 = -2*l - 4*j + 86, -4*l = -5*j - 245. Suppose i + 3*i = l. What is the tens digit of i?
1
Let c be (2/2)/(2/44). Let r = c + -14. What is the units digit of r?
8
Let f = -147 - -510. What is the hundreds digit of f?
3
Let w(g) = -2*g + 168. Let v be w(0). What is the units digit of 2/(-10) - v/(-15)?
1
Let g(u) be the second derivative of 0 - 1/3*u**3 - 2*u**2 + 2*u. What is the units digit of g(-8)?
2
Let h(l) = -15*l - l**3 + 4*l**2 + 13*l + 3 - l**2. Suppose r - 4 = -r. What is the units digit of h(r)?
3
Let w(a) = -2*a + 6. Let f be 0/(0/(-3) - 2). Suppose 5*p + 7 + 23 = f. What is the units digit of w(p)?
8
Let j be 2/((-3)/(42/4)). Let q be (14/j)/(-1 + 0). What is the units digit of 0 + 3 + (q - -1)?
6
Suppose 938 = 3*v + w, -3*w = 4*v - w - 1248. What is the tens digit of v?
1
Let j be (-4)/1 - 1 - 0. Let q be (-4)/16 - j/4. What is the units digit of 0 - (-2 - (q + -2))?
1
Let q(t) = -t**2 - 3*t + 2. Let d be q(-2). Let z be 8/12*6/d. Suppose 5*y - 21 = -k, -4*y - z = -4*k + 11. What is the units digit of k?
6
Suppose 3*p = 16 + 44. What is the tens digit of p?
2
Let z(s) = -s + 4. Let d be z(11). Let o = d - -7. Suppose 5*y = -0*g + g - 7, o = -y + 2. What is the units digit of g?
7
Suppose -5*u + 4*u + 4 = 0. Suppose u*s = 3*s + 4. Suppose -p = -0*p - s. What is the units digit of p?
4
Let i(p) = -p**3 - 10*p**2 + 10*p - 13. Let y be i(-11). What is the tens digit of y + 44 + -1 + 5?
4
Let k = 12 + -7. Suppose 3*t - k*t + 2*y = -22, -5*t + 45 = 5*y. What is the tens digit of t?
1
Let n(o) = o + 1. Let x(q) = -q**3 - q**2 + 4*q + 17. Let z(d) = -3*n(d) + x(d). What is the units digit of z(0)?
4
Let l be ((-2)/4)/(2/(-8)). What is the units digit of (-4)/(-6)*9/l?
3
Suppose p + p - 4 = 0. Let s = 6 + p. Let b = 14 - s. What is the units digit of b?
6
Suppose -4*q + 41 = -43. Suppose -q*a - 138 = -24*a. What is the units digit of a?
6
Let j = 196 + -132. What is the tens digit of j?
6
Let q be (-4)/2 + -1 + 3. Let z be 24/(1 + q/1). Suppose 7*p - z = 3*p. What is the units digit of p?
6
Let t = -4 - -7. Suppose -t*l = -3 - 6. Suppose -l*u + 28 = 4. What is the units digit of u?
8
Let n = 1 - -2. Let p = -4 - -6. What is the units digit of n/(6/20) - p?
8
Let v(x) = x**2 + 3*x - 5. Let a be v(2). Suppose 0*k + 150 = a*k. What is the tens digit of k?
3
Let w be (-6)/(-8) + 18335/(-20). What is 